4*t = -2*n + g, 3*t = 0. What are the prime factors of n?
283
Let s(c) = 85*c - 27 - 6 + 3 - 304*c. List the prime factors of s(-2).
2, 3, 17
Suppose 4*g = -2*q - 302, -5*g = -2*g - 4*q + 232. What are the prime factors of (g/(-12))/(3/207)?
19, 23
Let b = 324 - -3. Let w = b - 38. List the prime factors of w.
17
Suppose 15*t = -78*t + 140616. List the prime factors of t.
2, 3, 7
Let k(m) = m**3 + 17*m**2 + 72*m - 998. List the prime factors of k(18).
2, 11, 23
Let d = 94 - 78. Suppose 0 = -3*a - 2*h + 18, d = a - 0*a + 4*h. What are the prime factors of 81/15 - a/10?
5
Let i(w) = 21*w - 200. Let f be i(10). Suppose 5*k = -j + 1794, 5*k - f*k + 7161 = 4*j. List the prime factors of j.
1789
Let g(d) = -d**2 + 7*d + 387. Let b = -59 - -59. List the prime factors of g(b).
3, 43
Let b(t) = t**2 + 40. Let h be b(0). Suppose 0 = 8*a + 2*a + h. What are the prime factors of (10215/(-4))/(-9) + a/(-16)?
2, 71
Let f(j) = -1468*j + 1046. What are the prime factors of f(-8)?
2, 5, 1279
Let t(s) = 71*s**2 - 19*s - 80. Let y be t(-4). Let n = y + -621. What are the prime factors of n?
7, 73
Let h(y) = y**2 - 2*y - 1. Let k be h(4). Suppose 0 = -p - 4*a + 208, -k*p + 3*p + 772 = a. List the prime factors of p.
2, 3
List the prime factors of 5/(40/(-1392))*(-407)/22.
3, 29, 37
Let b(t) = t - 1. Let d(h) = -13*h + 18. Let a(r) = 3*b(r) - d(r). Suppose p = 32*p - 32 - 247. List the prime factors of a(p).
3, 41
Let y(n) = -n**3 - 23*n**2 + 25*n + 58. Let q be y(-24). What are the prime factors of 622 + -1 + (29 - q)?
2, 7, 11
Let x(m) = 2*m**3 - 5*m**2 - 2*m + 5. Let f be x(4). Let l = -20 + f. Suppose -5*u + 2*g + g + 108 = 0, -u = -4*g - l. List the prime factors of u.
3, 7
Let k = 15909 + 3447. What are the prime factors of k?
2, 3, 1613
Let l(d) be the first derivative of d**4/4 + 22*d**3/3 + 21*d**2/2 - 89*d + 67. List the prime factors of l(-20).
3, 97
Let i = 7 + -2. Suppose -m = i*t - 330, 7*m = 3*m - 3*t + 1235. What are the prime factors of m?
5, 61
Suppose -7*l = -159 - 345. Let f = -68 + l. Suppose f*c - 2702 = -10*c. What are the prime factors of c?
193
List the prime factors of (-10726)/(-2) - (-4)/(-13*(-14)/273).
7, 13, 59
Let y(u) = -2*u**3 + 174*u**2 + 8*u + 103. List the prime factors of y(86).
15583
Let r = -744 - -748. Suppose -5*g + 2893 + 5782 = 3*a, r*g - 6927 = -5*a. List the prime factors of g.
2, 11, 79
Let y(z) = -3*z**3 - 3*z**2 - 5*z + 4. Let l be y(3). Let v(f) = 12*f**2 + 24*f - 103. Let d be v(4). Let s = d + l. List the prime factors of s.
2, 3, 11
Let p be -40 + 657 + 0/(-1). Let q = -363 + p. List the prime factors of q.
2, 127
Let a = -13 + 9. Let q(i) = -i**3 - 3*i**2 + 3*i - 1. Let r be q(a). What are the prime factors of 61 + (2/(-6) - (-1)/r)?
61
Suppose -3*f + 2 = -4. Suppose -f*u = 1646 + 490. What are the prime factors of ((-2)/(-6))/(1*(-4)/u)?
89
Let y(k) = k**2 - 15*k + 40. Let w be y(12). Suppose -832 = -w*a + 912. List the prime factors of a.
2, 109
Suppose 164 + 395 = 43*g. Let k(n) be the third derivative of n**4/12 - 17*n**3/6 - 4*n**2. List the prime factors of k(g).
3
Suppose -13187 = -13*o - 4425. Suppose h + 429 + o = 5*l, -6 = -3*h. List the prime factors of l.
13, 17
Suppose -2*r = -2*p + 289 + 49, -2*p = 4*r - 332. Suppose p*g + 8500 = 178*g. List the prime factors of g.
2, 5, 17
Let t(k) = -333*k + 20. Suppose -9*h = -5*h + 8. List the prime factors of t(h).
2, 7
What are the prime factors of (1020 + -1)*(87/8 + (-126)/(-1008))?
11, 1019
Let p(d) = 80*d. Let q = -204 - -207. What are the prime factors of p(q)?
2, 3, 5
What are the prime factors of 9 - (-22644 + -4 + -1)?
2, 11329
Let z(u) = u**3 - 14*u**2 + 18. Let s(q) = q**2 + 15*q + 19. Let n be s(-14). Suppose -4*b - 14 = -n*b. List the prime factors of z(b).
2, 3
Suppose 27816 = 9*j - 4*j - 4*l, -j - 3*l + 5548 = 0. What are the prime factors of j?
2, 5, 139
Let f(q) = -9*q - 19. Let h be f(16). Let i = 115 + h. What are the prime factors of (-2)/8 - (-20)/i*-111?
2, 23
Suppose -47 = -4*f + 85. Let k be ((-36)/42)/(((-6)/(-24))/(28/(-16))). What are the prime factors of k/f + ((-32052)/(-44))/3?
3
Let r(j) = 140*j - 748. List the prime factors of r(62).
2, 3, 661
Let n = 6810 + -481. What are the prime factors of n?
6329
List the prime factors of (-63)/(9 - (-264080)/(-29340)).
3, 7, 163
Suppose -5 = 14*v + 23. List the prime factors of v*((-105)/(-10) + 5)*-11.
11, 31
Suppose -l + 2183 + 3366 = 5*s, -4*l + 22181 = 5*s. List the prime factors of l.
2, 3, 7, 11
Suppose 29*a = 39*a - 100. What are the prime factors of 12*305/a - (-1 + -3)?
2, 5, 37
Let r(o) = -107*o**3 + 2*o**2 + 100*o + 346. List the prime factors of r(-4).
2, 3413
Suppose -2*a + 50362 = u + 8078, 3*u - 4*a - 126792 = 0. List the prime factors of u.
2, 1321
Suppose -f + 221 = -l + 6*l, 0 = 3*l + 5*f - 137. Let a = 53 - l. Suppose a*i = -56 + 155. What are the prime factors of i?
11
Suppose -546*z + 39318859 = -973211. What are the prime factors of z?
5, 14759
Let g(p) = 41*p**3 - 51*p**2 + 321*p - 21. List the prime factors of g(10).
39089
List the prime factors of 30/(-18)*2452*(-12)/10.
2, 613
Let i = 158 + -11. Let v = i + 346. List the prime factors of v.
17, 29
Suppose 53*f + 220678 - 50743 = 68*f. What are the prime factors of f?
11329
Suppose 4*v + 4*d + 5304 = 5*v, v + 5*d = 5286. What are the prime factors of v?
2, 331
Suppose -12*j + 90240 = 8*j. Suppose -j = -15*t + 3*t. What are the prime factors of t?
2, 47
Let c(o) = -13*o**3 - 49*o**2 + 143*o - 20. List the prime factors of c(-10).
2, 5, 7, 19
Let o(x) = 850*x**2 - 120*x + 628. List the prime factors of o(7).
2, 20719
Let r(a) = -a**3 + 15*a**2 - 14*a + 2. Let z be r(14). Suppose 5*x = l + l + 40, 0 = z*l + 4*x + 4. What are the prime factors of ((-8)/l)/((-10)/(-200))?
2
Let y(v) = 1013*v - 2981. What are the prime factors of y(30)?
27409
What are the prime factors of (42987/42 + 17)*34?
17, 2081
Let q(s) = 333*s**2 - 6*s + 10. Let f = -86 + 88. List the prime factors of q(f).
2, 5, 7, 19
Let f(x) = 24*x**2 - 32*x + 1711. List the prime factors of f(40).
13, 29, 103
Suppose 4*f + 61744 = 4*t, 5*f + 125 = 145. List the prime factors of t.
2, 5, 193
Let r be (-4)/48*4*(0 - 1167). List the prime factors of 1/5 + r/5.
2, 3, 13
Let f = 729 - -10316. List the prime factors of f.
5, 47
Let m = -161 + 441. Suppose -2*r - m = -3*f - r, -3*f + 2*r = -281. What are the prime factors of f?
3, 31
Suppose 5*f - 5884 = l, 3*f - 8*f + 5*l + 5880 = 0. Let i = 1765 - f. What are the prime factors of i?
2, 3, 7
Suppose 9*r - 83 = 529. Let q = 170 - r. Let t = -58 + q. What are the prime factors of t?
2, 11
List the prime factors of (-71 - 4)/(4 - (-1813)/(-448)).
2, 5
Suppose 0 = -62*g - 483766 + 1643786. List the prime factors of g.
2, 5, 1871
Let h = 33040 + -19652. What are the prime factors of h?
2, 3347
Suppose 49 = -38*n - 65. List the prime factors of 12 + 420/(-36) - 1859/n.
2, 5, 31
Suppose 24*x = 27*x - 36. Let m be (-1 + (28/x - 1))*591. Suppose -a - 454 = -3*a - 5*v, -5*v - m = -a. List the prime factors of a.
7, 31
Let z(x) = -124 - 151*x + 3 + 79*x. What are the prime factors of z(-9)?
17, 31
Let f(l) = 18*l + 369. Let d be f(0). Let q = d - 213. What are the prime factors of q?
2, 3, 13
Let v(f) = f**3 + 6*f**2 - 6*f - 14. Let q be v(-7). Let m = 29 + q. Suppose 14*n + m = 15*n. List the prime factors of n.
2
Let p(o) = -o**2 - 29*o + 96. Let b be p(-32). Suppose -8*i - 1254 + 8006 = b. List the prime factors of i.
2, 211
Let a(h) = 1131*h - 4791. What are the prime factors of a(21)?
2, 3, 5, 79
Suppose 9*c - 2*c - 14 = 0. Suppose c*n - 6 = -u, 22 = -u + 4*u + 2*n. Suppose -3*z - 25 = -u*z + 3*i, -2*i = 2*z - 10. List the prime factors of z.
5
Let j = 6415 + -3990. Let f = -1719 + j. What are the prime factors of f?
2, 353
Let f(s) = -66*s - 49. Let u(a) = -5*a + 113. Let g be u(24). What are the prime factors of f(g)?
7, 59
Let k = -90770 + 158396. List the prime factors of k.
2, 3, 13, 17
Let z be (-2145)/(-44) + 1/4. Let o = z + -47. Suppose -k + 250 = k + 4*a, -o*k - 2*a = -242. List the prime factors of k.
3, 13
Suppose 3*t + 13 - 18 = -l, -3*t + 29 = -5*l. Suppose -t*n - 5*q = -2598, -4*q = 2*n - 6*q - 1732. List the prime factors of n.
2, 433
Suppose 241*d + 240708 = 280*d. What are the prime factors of d?
2